{"id":182,"date":"2017-07-10T23:54:54","date_gmt":"2017-07-10T21:54:54","guid":{"rendered":"http:\/\/raumgestaltung-braeuniger.de\/?page_id=182"},"modified":"2021-03-05T15:28:10","modified_gmt":"2021-03-05T14:28:10","slug":"handwerkerkosten-sind-steuerbeguenstigt","status":"publish","type":"page","link":"https:\/\/raumgestaltung-braeuniger.de\/?page_id=182","title":{"rendered":"Renovieren + Steuern sparen"},"content":{"rendered":"<p><img loading=\"lazy\" decoding=\"async\" class=\"alignnone size-full wp-image-390\" src=\"https:\/\/raumgestaltung-braeuniger.de\/wp-content\/uploads\/de.gif\" alt=\"\" width=\"18\" height=\"12\" \/>\u00a0Schon gewusst?<\/p>\n<p>Als Wohnungsinhaber &#8211; ob Eigent\u00fcmer oder Mieter &#8211; k\u00f6nnen Sie Renovierungs- oder Erhaltungskosten steuerlich geltend machen.<\/p>\n<p>Dabei k\u00f6nnen Sie f\u00fcr Handwerkerleistungen wie Reparaturen, Modernisierungen oder Erhaltungsma\u00dfnahmen (z.B. Malerarbeiten) 20% der Kosten von bis zu 6.000 EUR des Arbeitslohnes, also bis zu 1.200 EUR, abzugsf\u00e4hig geltend machen.<\/p>\n<p>F\u00fcr Handwerkerleistungen, die nicht in diese Kategorien fallen, zum Beispiel f\u00fcr Reinigung, sind sogar 20% von bis zu 20.000, also bis zu 4.000 EUR abzugsf\u00e4hig.<\/p>\n<p>Bedingung: unbare Zahlungsweise, Arbeiten m\u00fcssen im Wohnobjekt ausgef\u00fchrt werden<\/p>\n<p>Reichen Sie dazu die Handwerkerrechnungen mit Ihrer Steuererkl\u00e4rung beim Finanzamt ein.<\/p>\n<p><img loading=\"lazy\" decoding=\"async\" class=\"alignnone size-full wp-image-391\" src=\"https:\/\/raumgestaltung-braeuniger.de\/wp-content\/uploads\/gb.gif\" alt=\"\" width=\"18\" height=\"12\" \/>\u00a0Did you know?<\/p>\n<p>If owner or tenant, the wage for my work is tax-deductible.<\/p>\n<p>From payments for repairs, refurbishments or conservation measures you can deduct 20% of max. 6.000 EUR, that means up to 1.200 EUR from the tax. Other payments, for example for cleaning, allow you to deduct 20% from\u00a0 max. 20.000 a year, it means 4.000 EUR.<\/p>\n<p>Requirement: cashless payment, t<span class=\"VIiyi\" lang=\"en\"><span class=\"JLqJ4b ChMk0b\" data-language-for-alternatives=\"en\" data-language-to-translate-into=\"de\" data-phrase-index=\"0\">he work must be carried out in the residential property.<\/span><\/span>\u00a0<\/p>\n<p>You just add the bills of your craftsmen to your tax declaration.<\/p>\n\n\n<p><\/p>\n","protected":false},"excerpt":{"rendered":"<p>\u00a0Schon gewusst? Als Wohnungsinhaber &#8211; ob Eigent\u00fcmer oder Mieter &#8211; k\u00f6nnen Sie Renovierungs- oder Erhaltungskosten steuerlich geltend machen. Dabei k\u00f6nnen Sie f\u00fcr Handwerkerleistungen&#8230;<\/p>\n","protected":false},"author":1,"featured_media":0,"parent":0,"menu_order":5,"comment_status":"closed","ping_status":"closed","template":"","meta":{"footnotes":""},"class_list":["post-182","page","type-page","status-publish","hentry"],"aioseo_notices":[],"_links":{"self":[{"href":"https:\/\/raumgestaltung-braeuniger.de\/index.php?rest_route=\/wp\/v2\/pages\/182","targetHints":{"allow":["GET"]}}],"collection":[{"href":"https:\/\/raumgestaltung-braeuniger.de\/index.php?rest_route=\/wp\/v2\/pages"}],"about":[{"href":"https:\/\/raumgestaltung-braeuniger.de\/index.php?rest_route=\/wp\/v2\/types\/page"}],"author":[{"embeddable":true,"href":"https:\/\/raumgestaltung-braeuniger.de\/index.php?rest_route=\/wp\/v2\/users\/1"}],"replies":[{"embeddable":true,"href":"https:\/\/raumgestaltung-braeuniger.de\/index.php?rest_route=%2Fwp%2Fv2%2Fcomments&post=182"}],"version-history":[{"count":8,"href":"https:\/\/raumgestaltung-braeuniger.de\/index.php?rest_route=\/wp\/v2\/pages\/182\/revisions"}],"predecessor-version":[{"id":631,"href":"https:\/\/raumgestaltung-braeuniger.de\/index.php?rest_route=\/wp\/v2\/pages\/182\/revisions\/631"}],"wp:attachment":[{"href":"https:\/\/raumgestaltung-braeuniger.de\/index.php?rest_route=%2Fwp%2Fv2%2Fmedia&parent=182"}],"curies":[{"name":"wp","href":"https:\/\/api.w.org\/{rel}","templated":true}]}}